te the remainder when 11 is divided by g(1).
5
Let i be 10/3 - (-4)/6. Suppose 5*r = -i*h + 55, 7 = -4*h + 27. Calculate the remainder when 19 is divided by r.
5
Let v = 43 + -79. Let i = -20 - v. Let h(n) = -n**3 - 12*n**2 - 10*n + 17. Calculate the remainder when i is divided by h(-11).
4
What is the remainder when -4 - (-102)/((-6)/(-2)) is divided by 11?
8
Suppose 2*x = -3*b - 1, -3*x + 2*b - 44 = -2*b. Let a(k) = 29*k - 67*k - 1 + 37*k. Calculate the remainder when 25 is divided by a(x).
4
Calculate the remainder when 0 - ((-780)/(-50))/((-6)/20) is divided by 29.
23
Suppose -u + 9 = -0*u. What is the remainder when 0/(-2*1) - -24 is divided by u?
6
Suppose p - 5 = 3*q - 2, 0 = -3*p + 5*q + 21. Calculate the remainder when 69 is divided by p.
9
Let h = 59 + -21. What is the remainder when h is divided by ((-21)/(-6) + 3)*2?
12
What is the remainder when 80 is divided by (12/9)/((-1)/(-21))?
24
Suppose -4*r = -4*n + 52, n - r + 14 = 3*n. Let b(w) = 210*w**2 + w - 1. Let x be b(1). Suppose -4*p + x = 2*p. Calculate the remainder when p is divided by n.
8
Suppose 0 = -4*a + 16, -5*a + 42 = 5*i - 18. Suppose -k + i = 2*s, 0 = 6*k - 4*k + 2*s - 20. What is the remainder when 23 is divided by k?
11
Suppose 13 = 3*y + x - 18, -2*x = -5*y + 37. Calculate the remainder when 26 is divided by y.
8
Let q(a) = 5*a**2 + 8 + a - a**2 - 7. Let d be q(-1). Suppose -2*w + 0 + d = 0. What is the remainder when 5 is divided by w?
1
Let p = 25 + -37. Let v(d) = -d**3 - 12*d**2 - d + 15. What is the remainder when v(p) is divided by 10?
7
Suppose 80 = 2*i + 3*i. Calculate the remainder when 47 is divided by i.
15
Let c(n) = -217*n. Let d be c(-1). Suppose -5*w + 259 = 5*m + 54, 5*m - d = w. What is the remainder when m is divided by 15?
13
Let j(f) = 3*f - 5*f + 3*f - 5. Let g be j(5). Suppose -4*k + g*k + 52 = 0. What is the remainder when k is divided by 5?
3
Suppose -5*k + 4*k + 5*f + 17 = 0, -4*k + f = -49. Calculate the remainder when 34 is divided by k.
10
Let b(i) = -7*i - 7. Let o(h) = -7*h - 6. Let f(n) = -3*b(n) + 4*o(n). What is the remainder when -64*((-3)/2 - -1) is divided by f(-2)?
10
Suppose 2 + 4 = k. Let z(o) = -o**3 - 6*o**2 - 7*o. What is the remainder when z(-5) is divided by k?
4
Suppose -4*a + 24 = 4*t, -9*a = -6*a + 3. Let s be 4/(-14) - (-802)/14. Suppose 4*x - s = x. What is the remainder when x is divided by t?
5
Let l(s) = s**2 - s + 3. Let i be l(-8). Let u = i - 52. What is the remainder when u is divided by 6?
5
Let a(h) = -24*h + 2. Let u be a(-2). Suppose u = 3*g - 208. Calculate the remainder when g is divided by 22.
20
Calculate the remainder when 32 is divided by 36*3/(-18)*-2.
8
Suppose -14 = 3*v - 3*i - 164, 210 = 5*v + 5*i. What is the remainder when v is divided by 12?
10
Suppose 5*j - 54 = -3*q + 2*q, 2*q + 4*j - 96 = 0. Calculate the remainder when q is divided by 12.
8
Suppose 5*c = 10*c + 20. What is the remainder when 48 is divided by (0 - 2)/(c/50)?
23
Suppose 4*i + i + 3*q + 10 = 0, -5*i - q = 0. Let k(w) = 12*w**2 - 1. What is the remainder when 23 + 5/((-25)/15) is divided by k(i)?
9
Suppose r - 31 = -5*q, -215 - 60 = -5*r - q. Suppose 0*y - 2*y + r = 0. Let z = 69 - y. What is the remainder when z is divided by 14?
13
Suppose -f + 5*f = 0. Suppose f = 2*n + 5*z - 37, n + 4*z = 3*n + 8. What is the remainder when 10 is divided by n?
4
Let j(p) = -3 - 4*p + 6 + 3*p. Let t(f) = -f**2 - 34*f - 90. What is the remainder when j(-6) is divided by t(-31)?
0
Let z = 33 - 11. Let s(c) = c**2 + 19*c + 12. Calculate the remainder when z is divided by s(-19).
10
Let f(m) = -m**3 - m**2 + m + 23. What is the remainder when f(0) is divided by 4?
3
Let w = -5 + 8. Suppose w*q + q = 64. What is the remainder when 47 is divided by q?
15
Let p = 52 - 40. Suppose -2*v - 4*h + 2*h - 4 = 0, 0 = 2*v - 5*h + 18. Calculate the remainder when p is divided by (-75)/(-11) + v/(-22).
5
Suppose -3*h = 2*h + 60. Calculate the remainder when 23/(-2)*(h + 8) is divided by 12.
10
Let j(s) = s**2 + 5*s + 9. Let v be j(-6). Suppose -z = -6*z + v. Calculate the remainder when ((-3)/(-9))/((-1)/(-21*1)) is divided by z.
1
Let g = -60 + 83. What is the remainder when g is divided by 3?
2
Let l(w) = w + 8. Let f be l(-8). Suppose -19 = -2*c + 5*z, -c = 4*z - 42 - f. Let k = -27 + 39. Calculate the remainder when c is divided by k.
10
Let m = 12 + -8. Let x(c) = -c**3 - c**2 + 2*c + 3. Let t be x(-2). Suppose -m*y + t = -y. What is the remainder when 1 is divided by y?
0
Calculate the remainder when 3614/91 - 4/(-14) is divided by 6.
4
Suppose 4*y = 2*u + 48, 10*y - 5*y - 2*u - 58 = 0. Let i = y + 14. Suppose i = f - 5*v, 4*f + 5*v = -0*f + 71. What is the remainder when f is divided by 7?
5
Let s = 128 + -82. What is the remainder when s is divided by 16?
14
Let u(i) = 2*i**2 + i + 5. Let c be u(-4). Suppose l - 16 - c = 0. What is the remainder when l is divided by 13?
10
Suppose 0 = 5*u - 0*h - h - 142, 4*u - 5*h = 101. Let a = u - 14. What is the remainder when 28 is divided by a?
13
Suppose 0 = 123*q - 127*q + 52. What is the remainder when 127 is divided by q?
10
Let c(y) = y**3 - 6*y**2 + 3*y - 10. What is the remainder when 22 is divided by c(6)?
6
Suppose 0 = 4*q - 46 - 34. Calculate the remainder when 92 is divided by q.
12
Suppose -5*q + 290 = 5*p, 0 = -p - 4*p + q + 272. What is the remainder when p is divided by 29?
26
Let x(g) = g**3 - 4*g**2 + 2. Let b be x(4). Suppose -i - 4*c + 11 = 0, b*i = 5*i - c - 20. Suppose 0*u + 3 = u. Calculate the remainder when i is divided by u.
1
Let b(a) be the second derivative of a**4/12 + a**3/3 + a**2 + a. What is the remainder when 2 is divided by b(-2)?
0
Let i be -2*5/(10/4). Let a = i - -25. Calculate the remainder when a is divided by 8.
5
Suppose -25 - 63 = -4*k. Let u = 36 - k. Calculate the remainder when 53 is divided by u.
11
Let b = -12 - -23. What is the remainder when b is divided by 6?
5
Suppose 5 - 23 = 2*i. Let o = i + 16. Calculate the remainder when 990/35 + (-2)/o is divided by 15.
13
Suppose -2*m + 4*j + 82 = m, 4*m - 2*j - 116 = 0. Calculate the remainder when m is divided by 16.
14
Suppose -5*q - 46 = -21. Let r = q - -12. Let g = -209 - -222. What is the remainder when g is divided by r?
6
Let i = -10 + 17. Let m be (-5 + 1)*(-2 - 1). Let h = m - 8. What is the remainder when i is divided by h?
3
Let b be (-2)/(-6) - (-8)/12. Calculate the remainder when b/(0 - 1/(-17)) is divided by 9.
8
Suppose -3*o = -0*o - 33. Let t = -2 + o. Calculate the remainder when 28 is divided by ((-3)/9 - -2)*t.
13
Let b = -35 - -21. Let k = b + 21. Suppose h = 5*z - 16, -z + 10 = 3*h - 6. Calculate the remainder when k is divided by z.
3
Let k(w) = -w**2 - 8*w - 5. Let o be k(-6). Let m(c) = c**3 - 8*c**2 + 7*c + 3. Calculate the remainder when 3 is divided by m(o).
0
Let v(s) = s**2 + 10*s + 12. Let k = 12 + 23. What is the remainder when k is divided by v(-10)?
11
Let y = -13 + 51. Let h be (-2)/(-3 + 2 + 0). What is the remainder when y is divided by (-1)/h - 135/(-10)?
12
Suppose -27 = -2*y - l, -3*l - 69 = -4*y - 0*l. Calculate the remainder when 74 is divided by y.
14
Let s = 41 + -27. What is the remainder when (-3)/(-3)*s + 1 is divided by 9?
6
Suppose -824 = -3*q + 85. Calculate the remainder when q is divided by 18.
15
Let d = 9 + -9. Suppose d = -3*o - 2*p + 10 + 7, -p - 50 = -5*o. Calculate the remainder when o is divided by 5.
4
Suppose 2*p - 25 = 9. Suppose 0 = 4*j + p + 3. Let i(a) = a**3 + 5*a**2 - 3*a + 4. Calculate the remainder when i(j) is divided by 7.
5
Let g = 28 + -16. Let w(k) = 20*k**2 - k. Calculate the remainder when w(-1) is divided by g.
9
Suppose -3*a - 5*s + 112 = 0, -a - 4*a - 4*s + 178 = 0. Suppose -b - c = -14, 2*b - 2*c = b + 26. Calculate the remainder when a is divided by b.
16
Let o(p) = p**3 - 7*p**2 + 6*p - 3. Suppose 0 = -5*f + 3*f + 14. Calculate the remainder when o(f) is divided by 20.
19
Suppose 2*m + z - 45 = 0, -m + z + 3*z + 9 = 0. Suppose 0*c - 3*i + 128 = 2*c, -5*i = -2*c + 112. What is the remainder when c is divided by m?
19
Let p(g) = 8*g**2 + g + 2. Let w be p(-2). Suppose -u + w = u. Calculate the remainder when u is divided by 10.
6
Suppose -39 = -5*w + 2*w - 3*p, 0 = 4*w - 3*p - 24. Suppose g = 4*c + 12, 0 = -7*g + 4*g + 2*c + 46. What 